inder when 2128927 is divided by 425721?
322
What is the remainder when 31032784 is divided by 28?
20
What is the remainder when 930537 is divided by 305?
287
Calculate the remainder when 163085855 is divided by 1658.
1
What is the remainder when 21877808 is divided by 180?
68
Calculate the remainder when 87372 is divided by 5450.
172
Calculate the remainder when 380639 is divided by 60.
59
Calculate the remainder when 540422 is divided by 67537.
126
Calculate the remainder when 177298 is divided by 17719.
108
Calculate the remainder when 8231298 is divided by 189.
159
What is the remainder when 4369641 is divided by 1121?
1104
Calculate the remainder when 178974 is divided by 691.
5
Calculate the remainder when 1668522 is divided by 834011.
500
What is the remainder when 279683 is divided by 46545?
413
Calculate the remainder when 4057910 is divided by 100.
10
Calculate the remainder when 4168267 is divided by 104206.
27
What is the remainder when 2473781 is divided by 39?
11
What is the remainder when 58303 is divided by 18436?
2995
What is the remainder when 3661497 is divided by 72?
9
Calculate the remainder when 1386262 is divided by 432.
406
What is the remainder when 4387439 is divided by 1525?
14
What is the remainder when 3454158 is divided by 9?
3
What is the remainder when 11850702 is divided by 3950233?
3
Calculate the remainder when 2546894 is divided by 9468.
2
What is the remainder when 1294176 is divided by 143791?
57
Calculate the remainder when 588286 is divided by 67.
26
Calculate the remainder when 24107 is divided by 7966.
209
Calculate the remainder when 11071707 is divided by 130.
127
Calculate the remainder when 142893 is divided by 336.
93
What is the remainder when 96785348 is divided by 5630?
18
What is the remainder when 814238 is divided by 360?
278
What is the remainder when 395707 is divided by 11289?
592
What is the remainder when 166153806 is divided by 101561?
10
What is the remainder when 2894900 is divided by 482483?
2
What is the remainder when 9869665 is divided by 4070?
3985
What is the remainder when 13772 is divided by 52?
44
What is the remainder when 302854 is divided by 85?
84
What is the remainder when 19698333 is divided by 2266?
2261
What is the remainder when 2484515 is divided by 1555?
1180
Calculate the remainder when 3565612 is divided by 296.
292
Calculate the remainder when 74828 is divided by 74098.
730
Calculate the remainder when 453072 is divided by 5627.
2912
What is the remainder when 4908405 is divided by 306775?
5
What is the remainder when 368492 is divided by 113?
112
Calculate the remainder when 24510676 is divided by 504.
148
What is the remainder when 1276892 is divided by 20268?
8
What is the remainder when 54183 is divided by 455?
38
What is the remainder when 2509612 is divided by 443?
17
What is the remainder when 29222997 is divided by 1700?
1697
Calculate the remainder when 67206 is divided by 21751.
1953
What is the remainder when 31240470 is divided by 15620224?
22
What is the remainder when 8288299 is divided by 128?
43
Calculate the remainder when 25548 is divided by 4920.
948
What is the remainder when 5230078 is divided by 18?
16
Calculate the remainder when 27774089 is divided by 73.
71
Calculate the remainder when 52262 is divided by 1375.
12
What is the remainder when 5917687 is divided by 236701?
162
Calculate the remainder when 1623162 is divided by 55.
2
Calculate the remainder when 35557235 is divided by 1268.
1247
What is the remainder when 8957282 is divided by 29?
23
What is the remainder when 26488016 is divided by 7255?
11
Calculate the remainder when 6677 is divided by 642.
257
Calculate the remainder when 808993 is divided by 269650.
43
What is the remainder when 4364085 is divided by 872742?
375
What is the remainder when 34833 is divided by 34113?
720
Calculate the remainder when 6262395 is divided by 405.
285
Calculate the remainder when 4727675 is divided by 422.
9
Calculate the remainder when 5689862 is divided by 1819.
30
What is the remainder when 127264 is divided by 979?
973
Calculate the remainder when 510749 is divided by 7942.
2461
What is the remainder when 19137986 is divided by 12363?
62
What is the remainder when 21944 is divided by 20743?
1201
Calculate the remainder when 21501 is divided by 3058.
95
Calculate the remainder when 105249 is divided by 984.
945
Calculate the remainder when 2798103 is divided by 22031.
166
Calculate the remainder when 276142 is divided by 138025.
92
Calculate the remainder when 59700 is divided by 71.
60
Calculate the remainder when 33857 is divided by 5614.
173
Calculate the remainder when 28355 is divided by 764.
87
Calculate the remainder when 5261225 is divided by 223.
209
What is the remainder when 55059261 is divided by 1216?
1213
What is the remainder when 16154 is divided by 5159?
677
What is the remainder when 133817 is divided by 4168?
441
What is the remainder when 1691443 is divided by 1122?
589
What is the remainder when 185247 is divided by 297?
216
Calculate the remainder when 38697 is divided by 1537.
272
Calculate the remainder when 25827334 is divided by 18.
16
Calculate the remainder when 463301 is divided by 92635.
126
What is the remainder when 567770 is divided by 7185?
155
Calculate the remainder when 785897894 is divided by 476.
474
Calculate the remainder when 34672727 is divided by 10347.
10277
Calculate the remainder when 21572159 is divided by 393.
389
What is the remainder when 182611 is divided by 22820?
51
What is the remainder when 204110 is divided by 5666?
134
Calculate the remainder when 2365324 is divided by 823.
22
What is the remainder when 864254 is divided by 309?
290
What is the remainder when 180870 is divided by 90019?
832
Calculate the remainder when 1757608 is divided by 2323.
1420
Calculate the remainder when 14829794 is divided by 15.
14
What is the remainder when 855174323 is divided by 436?
435
What is the remainder when 68234750 is divided by 512?
510
What is the remainder when 4647102 is divided by 2576?
2574
What is the remainder when 1207953 is divided by 2809?
83
What is the remainder when 38679360 is divided by 338?
330
Calculate the remainder when 46917 is divided by 5703.
1293
Calculate the remainder when 160754321 is divided by 34.
9
Calculate the remainder when 310157 is divided by 917.
211
Calculate the remainder when 280925 is divided by 318.
131
Calculate the remainder when 456380 is divided by 8297.
45
What is the remainder when 22452565 is divided by 2041142?
3
Calculate the remainder when 4771675 is divided by 13.
12
Calculate the remainder when 1437687 is divided by 2989.
2967
What is the remainder when 216795 is divided by 4357?
3302
Calculate the remainder when 1168282 is divided by 194705.
52
Calculate the remainder when 64183 is divided by 5783.
570
Calculate the remainder when 22739348 is divided by 282.
278
Calculate the remainder when 8807947 is divided by 4403973.
1
What is the remainder when 5677111 is divided by 82276?
67
Calculate the remainder when 278784 is divided by 69638.
232
Calculate the remainder when 108168 is divided by 105352.
2816
What is the remainder when 1928281 is divided by 1928261?
20
What is the remainder when 73416 is divided by 36553?
310
Calculate the remainder when 6121142 is divided by 164.
6
Calculate the remainder when 1210858 is divided by 62.
60
Calculate the remainder when 154455 is divided by 1272.
543
Calculate the remainder when 2949024 is divided by 2948900.
124
Calculate the remainder when 14916246 is divided by 310.
286
What is the remainder when 189861118 is divided by 24?
22
Calculate the remainder when 1487874 is divided by 51270.
1044
What is the remainder when 705530 is divided by 1397?
45
Calculate the remainder when 537165 is divided by 845.
590
Calculate the remainder when 266162 is divided by 1180.
662
Calculate the remainder when 791812 is divided by 66.
10
Calculate the remainder when 2019510 is divided by 12239.
75
What is the remainder when 119856 is divided by 118505?
1351
Calculate the remainder when 22117994 is divided by 43.
41
Calculate the remainder when 3421461 is divided by 1710196.
1069
Calculate the remainder when 20103875 is divided by 95.
70
What is the remainder when